08 is divided by 486.
448
What is the remainder when 61424 is divided by 117?
116
What is the remainder when 7079 is divided by 2339?
62
What is the remainder when 659357 is divided by 42?
41
Calculate the remainder when 844 is divided by 137.
22
What is the remainder when 155943 is divided by 141?
138
Calculate the remainder when 232231 is divided by 77400.
31
Calculate the remainder when 5763245 is divided by 717.
716
Calculate the remainder when 9262 is divided by 208.
110
Calculate the remainder when 3307 is divided by 253.
18
Calculate the remainder when 8463 is divided by 83.
80
Calculate the remainder when 4544528 is divided by 257.
254
What is the remainder when 156222 is divided by 1928?
54
What is the remainder when 3505 is divided by 794?
329
Calculate the remainder when 25353 is divided by 21.
6
What is the remainder when 29902 is divided by 155?
142
What is the remainder when 139084 is divided by 46337?
73
Calculate the remainder when 781 is divided by 170.
101
Calculate the remainder when 9490 is divided by 450.
40
What is the remainder when 29238 is divided by 2435?
18
What is the remainder when 3746 is divided by 2742?
1004
Calculate the remainder when 37404 is divided by 1069.
1058
Calculate the remainder when 1510517 is divided by 743.
741
What is the remainder when 24020 is divided by 154?
150
What is the remainder when 426 is divided by 3?
0
Calculate the remainder when 121076 is divided by 30.
26
Calculate the remainder when 12637 is divided by 12526.
111
Calculate the remainder when 190883 is divided by 51.
41
What is the remainder when 2309 is divided by 199?
120
Calculate the remainder when 629 is divided by 496.
133
What is the remainder when 3542 is divided by 127?
113
What is the remainder when 11590 is divided by 723?
22
Calculate the remainder when 3687 is divided by 1787.
113
What is the remainder when 8346 is divided by 50?
46
What is the remainder when 12645 is divided by 4208?
21
Calculate the remainder when 3583 is divided by 2710.
873
What is the remainder when 12405 is divided by 17?
12
What is the remainder when 731 is divided by 362?
7
What is the remainder when 112177 is divided by 488?
425
Calculate the remainder when 164121 is divided by 1155.
111
What is the remainder when 825205 is divided by 346?
341
What is the remainder when 2855 is divided by 577?
547
Calculate the remainder when 35959 is divided by 700.
259
What is the remainder when 1590 is divided by 333?
258
What is the remainder when 469119 is divided by 123?
120
What is the remainder when 343473 is divided by 47?
44
Calculate the remainder when 10652 is divided by 10639.
13
What is the remainder when 719 is divided by 12?
11
What is the remainder when 12493 is divided by 964?
925
Calculate the remainder when 12397 is divided by 53.
48
Calculate the remainder when 385992 is divided by 76.
64
What is the remainder when 254564 is divided by 16?
4
Calculate the remainder when 15744 is divided by 207.
12
Calculate the remainder when 409509 is divided by 204753.
3
What is the remainder when 41075 is divided by 47?
44
Calculate the remainder when 27525 is divided by 4184.
2421
What is the remainder when 3379 is divided by 1079?
142
What is the remainder when 180048 is divided by 65?
63
What is the remainder when 183065 is divided by 161?
8
Calculate the remainder when 624957 is divided by 24.
21
What is the remainder when 3980 is divided by 825?
680
What is the remainder when 5424318 is divided by 46?
44
Calculate the remainder when 3622727 is divided by 437.
434
Calculate the remainder when 1910 is divided by 58.
54
Calculate the remainder when 13177 is divided by 74.
5
Calculate the remainder when 235065 is divided by 1009.
977
Calculate the remainder when 90808 is divided by 15.
13
What is the remainder when 340483 is divided by 23?
14
Calculate the remainder when 2202 is divided by 418.
112
What is the remainder when 3715 is divided by 820?
435
Calculate the remainder when 28700 is divided by 1913.
5
What is the remainder when 1583 is divided by 1567?
16
What is the remainder when 113549 is divided by 50?
49
What is the remainder when 8771 is divided by 718?
155
What is the remainder when 159048 is divided by 518?
22
What is the remainder when 59823 is divided by 29907?
9
Calculate the remainder when 58413 is divided by 48.
45
Calculate the remainder when 112930 is divided by 459.
16
What is the remainder when 932 is divided by 27?
14
What is the remainder when 12940 is divided by 18?
16
Calculate the remainder when 169068 is divided by 3842.
20
What is the remainder when 673 is divided by 45?
43
What is the remainder when 14645 is divided by 198?
191
What is the remainder when 3990 is divided by 988?
38
Calculate the remainder when 871 is divided by 111.
94
Calculate the remainder when 23898 is divided by 285.
243
What is the remainder when 75531 is divided by 2158?
1
Calculate the remainder when 10730 is divided by 1088.
938
What is the remainder when 550735 is divided by 651?
640
What is the remainder when 13756 is divided by 6?
4
Calculate the remainder when 126566 is divided by 39.
11
What is the remainder when 41161 is divided by 73?
62
What is the remainder when 254411 is divided by 27?
17
What is the remainder when 177150 is divided by 5210?
10
What is the remainder when 226568 is divided by 49?
41
What is the remainder when 87659 is divided by 70?
19
Calculate the remainder when 6297 is divided by 1937.
486
Calculate the remainder when 79393 is divided by 371.
370
Calculate the remainder when 367422 is divided by 16.
14
What is the remainder when 12594 is divided by 105?
99
Calculate the remainder when 16787 is divided by 12.
11
Calculate the remainder when 7249 is divided by 33.
22
Calculate the remainder when 4857 is divided by 211.
4
Calculate the remainder when 90580 is divided by 30157.
109
What is the remainder when 42391 is divided by 41?
38
What is the remainder when 70170 is divided by 23361?
87
What is the remainder when 55258 is divided by 19?
6
Calculate the remainder when 1594292 is divided by 1594282.
10
What is the remainder when 176884 is divided by 186?
184
Calculate the remainder when 373545 is divided by 24903.
0
What is the remainder when 238609 is divided by 546?
7
What is the remainder when 950 is divided by 38?
0
What is the remainder when 2308 is divided by 129?
115
Calculate the remainder when 8795898 is divided by 151.
148
What is the remainder when 72005 is divided by 71754?
251
What is the remainder when 61801 is divided by 77?
47
Calculate the remainder when 4580 is divided by 1522.
14
Calculate the remainder when 2541479 is divided by 9.
5
What is the remainder when 470 is divided by 61?
43
Calculate the remainder when 242943 is divided by 73.
72
What is the remainder when 17778 is divided by 231?
222
What is the remainder when 57625 is divided by 191?
134
Calculate the remainder when 454927 is divided by 679.
676
Calculate the remainder when 237012 is divided by 158.
12
What is the remainder when 138758 is divided by 377?
22
What is the remainder when 16962 is divided by 122?
4
Calculate the remainder when 3471 is divided by 287.
27
Calculate the remainder when 14565 is divided by 64.
37
Calculate the remainder when 326 is divided by 75.
26
What is the remainder when 5946 is divided by 175?
171
What is the remainder when 1390995 is divided by 21?
18
Calculate the remainder when 134213 is divided by 60.
53
Calculate the remainder when 215299 is divided by 83.
80
What is the remainder when 11156 is divided by 73?
60
What is the remainder when 1974 is divided by 969?
36
What is the remainder when 7678 is divided by 2554?
16
What is the remainder when 171538 is divided by 19?
6
What is the remainder when 93583 is divided by 495?
28
Calculate the remainder when 3254 is divided by 16.
6
Calculate the remainder when 317 is divided by 193.
124
Calculate the remainder when 31843 is divided by 794.
83
Calculate the remainder when 12655 is divided by 204.
7
Calculate the remainder when 964800 is divided by 323.
322
Calculate the remainder when 1020 is divided by 717.
303
Calculate the remainder when 2029 is divided by 1128.
901
Calculate the remainder when 11790 is divided by 67.
65
What is the remainder when 2